{"id":234,"date":"2020-10-02T12:28:35","date_gmt":"2020-10-02T10:28:35","guid":{"rendered":"http:\/\/www.radziejowskidomkultury.pl\/?page_id=234"},"modified":"2025-09-09T14:40:21","modified_gmt":"2025-09-09T12:40:21","slug":"hocki-klocki","status":"publish","type":"page","link":"http:\/\/www.radziejowskidomkultury.pl\/index.php\/sekcje\/hocki-klocki\/","title":{"rendered":"LEGO-ROBOTYKA"},"content":{"rendered":"\n<p>Akademia Wynalazc\u00f3w zaprasza na zaj\u0119cia z robotyki LEGO i programowania robot\u00f3w w Radziejowskim Domu Kultury!<br><br>Na ka\u017cdych zaj\u0119ciach dzieci rozwijaj\u0105 umiej\u0119tno\u015bci manualne, spo\u0142eczne, a tak\u017ce ucz\u0105 si\u0119 programowania. Zaj\u0119cia prowadzone s\u0105 zgodnie z podej\u015bciem edukacyjnym STEAM (STEAM, ang. Science, Technology, Engineering, Arts and Mathematics), a wi\u0119c ucz\u0105 my\u015blenia, kreatywno\u015bci, prowadzone s\u0105 metod\u0105 nauki przez zabaw\u0119.<br><br>BEZP\u0141ATNE ZAJ\u0118CIA POKAZOWE 15.09 godz. 16:00 \u2013 zapisy w Radziejowskim Domu Kultury<br><br>Zaj\u0119cia dedykowane dla dzieci w wieku 5-13 lat<br><br>Koszt: 36 z\u0142\/ 60 min. (p\u0142atno\u015b\u0107 za miesi\u0105c z g\u00f3ry)<br><br>termin: poniedzia\u0142ek 16:00-17:00 \u2013 istnieje mo\u017cliwo\u015b\u0107 modyfikacji po uzgodnieniu z zainteresowanymi<br><br>Zapisy na zaj\u0119cia przez stron\u0119: <a href=\"http:\/\/www.akademiawynalazcow.pl\/?fbclid=IwZXh0bgNhZW0CMTAAAR0vhlqsUcumjBvLbeL7rI1l9ml9e_oP-2bWAp6DXDTDpaZnCCCkCOkiwgg_aem_P1f5Xen1cprJvGy7tqK5jQ\" target=\"_blank\" rel=\"noreferrer noopener\">www.akademiawynalazcow.pl<\/a> (zak\u0142adka Panel Klienta)<br><br>Wi\u0119cej informacji mo\u017cna uzyska\u0107 pod nr tel. 693 244 378<\/p>\n\n\n\n<figure class=\"wp-block-image size-large\"><img loading=\"lazy\" decoding=\"async\" width=\"819\" height=\"1024\" src=\"http:\/\/www.radziejowskidomkultury.pl\/wp-content\/uploads\/2025\/09\/541430976_1379830580233074_1054863944744358504_n-819x1024.jpg\" alt=\"\" class=\"wp-image-1605\" srcset=\"http:\/\/www.radziejowskidomkultury.pl\/wp-content\/uploads\/2025\/09\/541430976_1379830580233074_1054863944744358504_n-819x1024.jpg 819w, http:\/\/www.radziejowskidomkultury.pl\/wp-content\/uploads\/2025\/09\/541430976_1379830580233074_1054863944744358504_n-240x300.jpg 240w, http:\/\/www.radziejowskidomkultury.pl\/wp-content\/uploads\/2025\/09\/541430976_1379830580233074_1054863944744358504_n-768x960.jpg 768w, http:\/\/www.radziejowskidomkultury.pl\/wp-content\/uploads\/2025\/09\/541430976_1379830580233074_1054863944744358504_n.jpg 1080w\" sizes=\"auto, (max-width: 819px) 100vw, 819px\" \/><\/figure>\n","protected":false},"excerpt":{"rendered":"<p>Akademia Wynalazc\u00f3w zaprasza na zaj\u0119cia z robotyki LEGO i programowania robot\u00f3w w Radziejowskim Domu Kultury! Na ka\u017cdych zaj\u0119ciach dzieci rozwijaj\u0105 umiej\u0119tno\u015bci manualne, spo\u0142eczne, a tak\u017ce ucz\u0105 si\u0119 programowania. Zaj\u0119cia prowadzone s\u0105 zgodnie z podej\u015bciem edukacyjnym STEAM (STEAM, ang. Science, Technology,<\/p>\n","protected":false},"author":2,"featured_media":0,"parent":35,"menu_order":0,"comment_status":"closed","ping_status":"closed","template":"","meta":{"footnotes":""},"class_list":["post-234","page","type-page","status-publish","hentry","gallery-content-unit"],"_links":{"self":[{"href":"http:\/\/www.radziejowskidomkultury.pl\/index.php\/wp-json\/wp\/v2\/pages\/234","targetHints":{"allow":["GET"]}}],"collection":[{"href":"http:\/\/www.radziejowskidomkultury.pl\/index.php\/wp-json\/wp\/v2\/pages"}],"about":[{"href":"http:\/\/www.radziejowskidomkultury.pl\/index.php\/wp-json\/wp\/v2\/types\/page"}],"author":[{"embeddable":true,"href":"http:\/\/www.radziejowskidomkultury.pl\/index.php\/wp-json\/wp\/v2\/users\/2"}],"replies":[{"embeddable":true,"href":"http:\/\/www.radziejowskidomkultury.pl\/index.php\/wp-json\/wp\/v2\/comments?post=234"}],"version-history":[{"count":6,"href":"http:\/\/www.radziejowskidomkultury.pl\/index.php\/wp-json\/wp\/v2\/pages\/234\/revisions"}],"predecessor-version":[{"id":1607,"href":"http:\/\/www.radziejowskidomkultury.pl\/index.php\/wp-json\/wp\/v2\/pages\/234\/revisions\/1607"}],"up":[{"embeddable":true,"href":"http:\/\/www.radziejowskidomkultury.pl\/index.php\/wp-json\/wp\/v2\/pages\/35"}],"wp:attachment":[{"href":"http:\/\/www.radziejowskidomkultury.pl\/index.php\/wp-json\/wp\/v2\/media?parent=234"}],"curies":[{"name":"wp","href":"https:\/\/api.w.org\/{rel}","templated":true}]}}